{"id":2609,"date":"2023-09-28T12:54:30","date_gmt":"2023-09-28T15:54:30","guid":{"rendered":"https:\/\/www.casillerodeldiablo.com\/?post_type=wine&#038;p=2609"},"modified":"2023-10-10T16:56:47","modified_gmt":"2023-10-10T19:56:47","slug":"spectacular-cabernet","status":"publish","type":"wine","link":"https:\/\/www.casillerodeldiablo.com\/es\/wine\/spectacular-cabernet\/","title":{"rendered":"Spectacular Cabernet"},"content":{"rendered":"<span style=\"font-weight: 400;\">Sensacionales aromas a frutas negras dan paso a espectaculares texturas que te cautivar\u00e1n y envolver\u00e1n. Es genial para combinar con todo tipo de carnes y quesos, y perfecto para celebraciones acompa\u00f1adas con tacos, barbecue ribs o pizzas. <\/span>","protected":false},"featured_media":2611,"menu_order":1,"template":"","wine_category":[39,2],"class_list":["post-2609","wine","type-wine","status-publish","has-post-thumbnail","hentry","wine_category-devils-carnaval","wine_category-range"],"acf":[],"_links":{"self":[{"href":"https:\/\/www.casillerodeldiablo.com\/es\/wp-json\/wp\/v2\/wine\/2609","targetHints":{"allow":["GET"]}}],"collection":[{"href":"https:\/\/www.casillerodeldiablo.com\/es\/wp-json\/wp\/v2\/wine"}],"about":[{"href":"https:\/\/www.casillerodeldiablo.com\/es\/wp-json\/wp\/v2\/types\/wine"}],"version-history":[{"count":7,"href":"https:\/\/www.casillerodeldiablo.com\/es\/wp-json\/wp\/v2\/wine\/2609\/revisions"}],"predecessor-version":[{"id":2667,"href":"https:\/\/www.casillerodeldiablo.com\/es\/wp-json\/wp\/v2\/wine\/2609\/revisions\/2667"}],"wp:featuredmedia":[{"embeddable":true,"href":"https:\/\/www.casillerodeldiablo.com\/es\/wp-json\/wp\/v2\/media\/2611"}],"wp:attachment":[{"href":"https:\/\/www.casillerodeldiablo.com\/es\/wp-json\/wp\/v2\/media?parent=2609"}],"wp:term":[{"taxonomy":"wine_category","embeddable":true,"href":"https:\/\/www.casillerodeldiablo.com\/es\/wp-json\/wp\/v2\/wine_category?post=2609"}],"curies":[{"name":"wp","href":"https:\/\/api.w.org\/{rel}","templated":true}]}}

<span style="font-weight: 400;">Sensacionales aromas a frutas negras dan paso a espectaculares texturas que te cautivarán y envolverán. Es genial para combinar con todo tipo de carnes y quesos, y perfecto para celebraciones acompañadas con tacos, barbecue ribs o pizzas. </span>
